{"id":618,"date":"2014-04-08T10:55:53","date_gmt":"2014-04-08T08:55:53","guid":{"rendered":"http:\/\/www.probonomonte.ch\/PBM-wp\/?page_id=618"},"modified":"2015-03-31T10:07:30","modified_gmt":"2015-03-31T08:07:30","slug":"2014-2","status":"publish","type":"page","link":"https:\/\/www.probonomonte.ch\/PBM-wp\/2017-fete-de-la-musique\/2014-2\/","title":{"rendered":"2015 &#8211; La Pastourelle"},"content":{"rendered":"<p>[et_pb_section fullwidth=\u00a0\u00bboff\u00a0\u00bb specialty=\u00a0\u00bboff\u00a0\u00bb background_image=\u00a0\u00bbhttp:\/\/www.probonomonte.ch\/PBM-wp\/wp-content\/uploads\/2014\/05\/i_02_troubadour02.jpg\u00a0\u00bb background_color=\u00a0\u00bb#ffffff\u00a0\u00bb inner_shadow=\u00a0\u00bboff\u00a0\u00bb parallax=\u00a0\u00bboff\u00a0\u00bb parallax_method=\u00a0\u00bbcss\u00a0\u00bb][et_pb_row][et_pb_column type=\u00a0\u00bb4_4&Prime;][et_pb_text admin_label=\u00a0\u00bbText\u00a0\u00bb background_layout=\u00a0\u00bbdark\u00a0\u00bb text_orientation=\u00a0\u00bbcenter\u00a0\u00bb]<\/p>\n<h1 style=\"text-align: center;\"><span style=\"color: #ffffff;\">20 juin 2015<br \/>\n<\/span><\/h1>\n<p>[\/et_pb_text][\/et_pb_column][\/et_pb_row][\/et_pb_section][et_pb_section background_color=\u00a0\u00bb#ffffff\u00a0\u00bb inner_shadow=\u00a0\u00bboff\u00a0\u00bb parallax=\u00a0\u00bboff\u00a0\u00bb parallax_method=\u00a0\u00bbcss\u00a0\u00bb background_image=\u00a0\u00bbhttp:\/\/www.probonomonte.ch\/PBM-wp\/wp-content\/uploads\/2013\/10\/DSC_2204-f.jpg\u00a0\u00bb][et_pb_row][et_pb_column type=\u00a0\u00bb4_4&Prime;][et_pb_image admin_label=\u00a0\u00bbImage\u00a0\u00bb show_in_lightbox=\u00a0\u00bboff\u00a0\u00bb url_new_window=\u00a0\u00bboff\u00a0\u00bb animation=\u00a0\u00bbleft\u00a0\u00bb sticky=\u00a0\u00bboff\u00a0\u00bb src=\u00a0\u00bbhttp:\/\/www.probonomonte.ch\/PBM-wp\/wp-content\/uploads\/2015\/03\/pastourelle.jpg\u00a0\u00bb \/][et_pb_text admin_label=\u00a0\u00bbText\u00a0\u00bb background_layout=\u00a0\u00bblight\u00a0\u00bb text_orientation=\u00a0\u00bbcenter\u00a0\u00bb]<\/p>\n<p>&nbsp;<\/p>\n<h1 style=\"text-align: center;\"><span style=\"color: #ffffff;\">La Pastourelle en quelques mots&#8230;<\/span><\/h1>\n<p style=\"text-align: justify;\"><span style=\"color: #ffffff;\">Ce ch\u0153ur mixte profane, r\u00e9pondant au doux nom de La Pastourelle, est n\u00e9 en 1967, \u00e0 Cheyres, sur les rives sud du lac de Neuch\u00e2tel. La Pastourelle fut fond\u00e9e et dirig\u00e9e \u00e0 ses d\u00e9buts par G\u00e9rard Pillonel, un c\u00e9l\u00e8bre Pillonel de Cheyres, qui souhaitait cr\u00e9er un ch\u0153ur mixte, ouvrant ainsi les portes chorales aux dames chanteuses et enchanteuses. D\u00e8s son origine et aujourd\u2019hui encore, La Pastourelle a puis\u00e9 dans le r\u00e9pertoire tant traditionnel que classique, profane ou religieux.<\/span><\/p>\n<p style=\"text-align: justify;\"><span style=\"color: #ffffff;\">En 1997, apr\u00e8s 30 ann\u00e9es d\u2019existence et plusieurs chefs (G\u00e9rard Pillonel, Nicolas Perney, Fr\u00e9d\u00e9ric Monnier, G\u00e9rald Ducotterd), La Pastourelle fit appel \u00e0 un directeur et compositeur fribourgeois de renom : M. Charly Torche. Sous sa direction, La Pastourelle inscrit \u00e0 son r\u00e9pertoire une grande vari\u00e9t\u00e9 d\u2019\u0153uvres chorales : Gloria de Vivaldi, Regina Caeli de Mozart, messe de Diabelli, petite suite qu\u00e9b\u00e9coise, suite romande, No\u00ebl Partout de Jean Mamie, des concerts en collaboration avec La Villanelle et un chanteur breton : Gilles Thoraval, entre autres\u2026 Cette aventure musicale de La Pastourelle avec Charly Torche se termine\u00a0apr\u00e8s 14 ann\u00e9es, en juillet 2011.<\/span><\/p>\n<p style=\"text-align: justify;\"><span style=\"color: #ffffff;\">Et en septembre 2011, c\u2019est en toute confiance que La Pastourelle poursuit ses d\u00e9couvertes musicales sous la main talentueuse d\u2019un nouveau chef : M. Andr\u00e9 Denys, un chef soucieux de la couleur vocale et de l\u2019interpr\u00e9tation\u2026..\u00e0 d\u00e9couvrir lors de nos prochains concerts !!!<\/span><\/p>\n<h3><span style=\"color: #ffffff;\">Le directeur: Andr\u00e9 Denys<\/span><\/h3>\n<h3><span style=\"color: #ffffff;\"><img decoding=\"async\" loading=\"lazy\" class=\" alignleft\" src=\"http:\/\/www.pastourelle.ch\/uploads\/images\/Photo%20Andr%C3%A9.jpg\" alt=\"\" width=\"129\" height=\"136\" \/><\/span><\/h3>\n<p style=\"text-align: justify;\"><span style=\"color: #ffffff;\">\u00a0 <\/span><\/p>\n<p style=\"text-align: justify;\"><span style=\"color: #ffffff;\">Andr\u00e9 Denys fait partie de cette cohorte d\u2019enseignants vaudois qui ont d\u00e9couvert le chant choral et la direction \u00e0 l\u2019Ecole Normale de Lausanne o\u00f9 il a \u00e9t\u00e9 l\u2019\u00e9l\u00e8ve de Robert Mermoud. Il a ensuite \u00e9tudi\u00e9\u00a0 le chant avec Zo\u00e9 Dragotescu et Anne Ramoni,<\/span><br \/>\n<span style=\"color: #ffffff;\"> la direction avec Andr\u00e9 Ducret et Ren\u00e9 Falquet. Il dirige actuellement la Pastourelle de Cheyres ainsi<br \/>\n<\/span><\/p>\n<p>[\/et_pb_text][\/et_pb_column][\/et_pb_row][\/et_pb_section]<\/p>\n","protected":false},"excerpt":{"rendered":"<p><div class=\"et_pb_row et_pb_row_0 et_pb_row_empty\">\n\t\t\t\t\n\t\t\t\t\n\t\t\t\t\n\t\t\t\t\n\t\t\t\t\n\t\t\t<\/div> 20 juin 2015 <div class=\"et_pb_row et_pb_row_1 et_pb_row_empty\">\n\t\t\t\t\n\t\t\t\t\n\t\t\t\t\n\t\t\t\t\n\t\t\t\t\n\t\t\t<\/div> &nbsp; La Pastourelle en quelques mots&#8230; Ce ch\u0153ur mixte profane, r\u00e9pondant au doux nom de La Pastourelle, est n\u00e9 en 1967, \u00e0 Cheyres, sur les rives sud du lac de Neuch\u00e2tel. La Pastourelle fut fond\u00e9e et dirig\u00e9e \u00e0 ses d\u00e9buts par G\u00e9rard Pillonel, un c\u00e9l\u00e8bre Pillonel de Cheyres, qui souhaitait [&hellip;]<\/p>\n","protected":false},"author":2,"featured_media":0,"parent":118,"menu_order":0,"comment_status":"closed","ping_status":"closed","template":"","meta":{"_et_pb_use_builder":"on","_et_pb_old_content":"<h1 class=\"entry-title\">21 juin \u2013 F\u00eate de la musique<\/h1><div class=\"entry-content\"><p><span style=\"color: #800000; font-family: times new roman,times; font-size: 20px;\"><a href=\"http:\/\/www.probonomonte.ch\/PBM-wp\/wp-content\/uploads\/2014\/04\/PUB-Bonmont-2014_A6_OK.png\"><img class=\"alignnone size-medium wp-image-678\" src=\"http:\/\/www.probonomonte.ch\/PBM-wp\/wp-content\/uploads\/2014\/04\/PUB-Bonmont-2014_A6_OK-423x600.png\" alt=\"PUB Bonmont 2014_A6_OK\" width=\"423\" height=\"600\" \/><\/a><\/span><\/p><p><span style=\"color: #800000; font-family: times new roman,times; font-size: 20px;\">13h30<br \/> Ensemble vocal <a title=\"ENSEMBLE VOCAL VOX ANIMAE\" href=\"http:\/\/www.bonmont.ch\/14-bonmont\/programme-2014-2\/21-juin-fete-de-la-musique\/fm-2014\/\" target=\"_blank\">Vox Animae<\/a> \u2013 Neucha\u0302tel, direction Bernard Guye <\/span><\/p><p><span style=\"color: #800000; font-family: times new roman,times; font-size: 20px;\">14h30<br \/> <a title=\"Gospel Spirit Gen\u00e8ve\" href=\"http:\/\/www.bonmont.ch\/14-bonmont\/programme-2014-2\/21-juin-fete-de-la-musique\/gospel-spirit-geneve\/\" target=\"_blank\">Gospel Spirit<\/a> \u2013 Gene\u0300ve, direction Jacqueline Savoyant<\/span><\/p><p><span style=\"color: #800000; font-family: times new roman,times; font-size: 20px;\">15h30<br \/> <a title=\"Le Madrigal du Jorat\" href=\"http:\/\/www.bonmont.ch\/14-bonmont\/programme-2014-2\/21-juin-fete-de-la-musique\/madrigal-du-jorat\/\" target=\"_blank\">Le Madrigal du Jorat<\/a> \u2013 Ferlens, direction Andre\u0301 Denys<\/span><\/p><p><span style=\"color: #800000; font-family: times new roman,times; font-size: 20px;\">16h30<br \/> <a title=\"Harmonie des Campagnes de Goumoens-la-Ville\" href=\"http:\/\/www.bonmont.ch\/14-bonmont\/programme-2014-2\/21-juin-fete-de-la-musique\/harmonie-campagnes-goumoens-ville\/\" target=\"_blank\">Harmonie des Campagnes de Goumoe\u0308ns-la-Ville<\/a>, direction Blaise Mettraux<\/span><\/p><p><a title=\"Afiche de la F\u00eate de Musique 2014 \u00e0 Bonmont\" href=\"http:\/\/www.bonmont.ch\/14-bonmont\/wp-content\/uploads\/2014\/04\/PUB-Bonmont-2014_A6_OK1.pdf\" target=\"_blank\">Imprimer l\u2019affichette<\/a><\/p><p><span class=\"edit-link\"><a class=\"post-edit-link\" href=\"http:\/\/www.bonmont.ch\/14-bonmont\/wp-admin\/post.php?post=111&action=edit\">Modifier<\/a><\/span><\/p><\/div>","_et_gb_content_width":""},"_links":{"self":[{"href":"https:\/\/www.probonomonte.ch\/PBM-wp\/wp-json\/wp\/v2\/pages\/618"}],"collection":[{"href":"https:\/\/www.probonomonte.ch\/PBM-wp\/wp-json\/wp\/v2\/pages"}],"about":[{"href":"https:\/\/www.probonomonte.ch\/PBM-wp\/wp-json\/wp\/v2\/types\/page"}],"author":[{"embeddable":true,"href":"https:\/\/www.probonomonte.ch\/PBM-wp\/wp-json\/wp\/v2\/users\/2"}],"replies":[{"embeddable":true,"href":"https:\/\/www.probonomonte.ch\/PBM-wp\/wp-json\/wp\/v2\/comments?post=618"}],"version-history":[{"count":0,"href":"https:\/\/www.probonomonte.ch\/PBM-wp\/wp-json\/wp\/v2\/pages\/618\/revisions"}],"up":[{"embeddable":true,"href":"https:\/\/www.probonomonte.ch\/PBM-wp\/wp-json\/wp\/v2\/pages\/118"}],"wp:attachment":[{"href":"https:\/\/www.probonomonte.ch\/PBM-wp\/wp-json\/wp\/v2\/media?parent=618"}],"curies":[{"name":"wp","href":"https:\/\/api.w.org\/{rel}","templated":true}]}}