{"id":200,"date":"2013-09-16T09:39:45","date_gmt":"2013-09-16T07:39:45","guid":{"rendered":"http:\/\/www.probonomonte.ch\/PBM-wp\/?page_id=200"},"modified":"2016-10-20T17:31:35","modified_gmt":"2016-10-20T15:31:35","slug":"st-bernard-de-clairvaux","status":"publish","type":"page","link":"https:\/\/www.probonomonte.ch\/PBM-wp\/histoire-de-labbaye\/histoire\/st-bernard-de-clairvaux\/","title":{"rendered":"St Bernard de Clairvaux"},"content":{"rendered":"<p>[et_pb_section admin_label=\u00a0\u00bbsection\u00a0\u00bb fullwidth=\u00a0\u00bboff\u00a0\u00bb specialty=\u00a0\u00bboff\u00a0\u00bb background_color=\u00a0\u00bb#303030&Prime; inner_shadow=\u00a0\u00bboff\u00a0\u00bb parallax=\u00a0\u00bboff\u00a0\u00bb parallax_method=\u00a0\u00bboff\u00a0\u00bb transparent_background=\u00a0\u00bboff\u00a0\u00bb allow_player_pause=\u00a0\u00bboff\u00a0\u00bb padding_mobile=\u00a0\u00bboff\u00a0\u00bb make_fullwidth=\u00a0\u00bboff\u00a0\u00bb use_custom_width=\u00a0\u00bboff\u00a0\u00bb width_unit=\u00a0\u00bbon\u00a0\u00bb make_equal=\u00a0\u00bboff\u00a0\u00bb use_custom_gutter=\u00a0\u00bboff\u00a0\u00bb][et_pb_row admin_label=\u00a0\u00bbrow\u00a0\u00bb][et_pb_column type=\u00a0\u00bb4_4&Prime;][et_pb_text admin_label=\u00a0\u00bbText\u00a0\u00bb background_layout=\u00a0\u00bbdark\u00a0\u00bb text_orientation=\u00a0\u00bbcenter\u00a0\u00bb]<\/p>\n<h1 style=\"text-align: center;\">St-Bernard de Clairvaux<\/h1>\n<p>[\/et_pb_text][\/et_pb_column][\/et_pb_row][\/et_pb_section][et_pb_section admin_label=\u00a0\u00bbsection\u00a0\u00bb background_color=\u00a0\u00bb#ffffff\u00a0\u00bb inner_shadow=\u00a0\u00bboff\u00a0\u00bb parallax=\u00a0\u00bboff\u00a0\u00bb parallax_method=\u00a0\u00bbcss\u00a0\u00bb][et_pb_row admin_label=\u00a0\u00bbrow\u00a0\u00bb][et_pb_column type=\u00a0\u00bb4_4&Prime;][et_pb_text admin_label=\u00a0\u00bbText\u00a0\u00bb background_layout=\u00a0\u00bblight\u00a0\u00bb text_orientation=\u00a0\u00bbcenter\u00a0\u00bb use_border_color=\u00a0\u00bboff\u00a0\u00bb border_color=\u00a0\u00bb#ffffff\u00a0\u00bb border_style=\u00a0\u00bbsolid\u00a0\u00bb]<\/p>\n<h1 style=\"text-align: left;\"><em>Saint Bernard de Clairvaux<\/em><\/h1>\n<p>&nbsp;<\/p>\n<p style=\"text-align: justify;\">Bernard de Fontaine, abb\u00e9 de Clairvaux est n\u00e9 en 1090 ou 1091, au ch\u00e2teau de Fontaine-l\u00e8s-Dijon pr\u00e8s de Dijon dans une famille noble de Bourgogne et est mort le 20 ao\u00fbt 1153 \u00e0 l&rsquo;abbaye de Clairvaux.<\/p>\n<p style=\"text-align: justify;\">C&rsquo;est un moine fran\u00e7ais r\u00e9formateur de la vie religieuse, directeur de conscience de l&rsquo;ordre cistercien. Pour Bernard de Clairvaux, \u00ab\u00a0l&rsquo;humilit\u00e9 est une vertu par laquelle l&rsquo;homme devient m\u00e9prisable \u00e0 ses propres yeux en raison de ce qu&rsquo;il se conna\u00eet mieux\u00a0\u00bb. Il est canonis\u00e9 en 1174 et devient ainsi <strong>saint Bernard de Clairvaux<\/strong><span id=\"transmark\" style=\"display: none; width: 0px; height: 0px;\"><\/span>.<\/p>\n<p>[\/et_pb_text][et_pb_text admin_label=\u00a0\u00bbTexte\u00a0\u00bb background_layout=\u00a0\u00bblight\u00a0\u00bb text_orientation=\u00a0\u00bbleft\u00a0\u00bb use_border_color=\u00a0\u00bboff\u00a0\u00bb border_color=\u00a0\u00bb#ffffff\u00a0\u00bb border_style=\u00a0\u00bbsolid\u00a0\u00bb]<\/p>\n<p style=\"text-align: justify;\">Bernard de Fontaine, abb\u00e9 de Clairvaux est n\u00e9 en 1090 ou 1091, au ch\u00e2teau de Fontaine-l\u00e8s-Dijon pr\u00e8s de Dijon dans une famille noble de Bourgogne et est mort le 20 ao\u00fbt 1153 \u00e0 l\u2019abbaye de Clairvaux.<\/p>\n<p style=\"text-align: justify;\">C\u2019est un moine fran\u00e7ais r\u00e9formateur de la vie religieuse, directeur de conscience de l\u2019ordre cistercien. Pour Bernard de Clairvaux, \u00abl\u2019humilit\u00e9 est une vertu par laquelle l\u2019homme devient m\u00e9prisable \u00e0 ses propres yeux en raison de ce qu\u2019il se conna\u00eet mieux\u00bb.<\/p>\n<p style=\"text-align: justify;\">En 1112, il entre \u00e0 l\u2019abbaye de C\u00eeteaux qui fut fond\u00e9e en 1098 par Robert de Molesme. Les fondateurs se sont d\u00e9tach\u00e9s de l\u2019ordre de Cluny, alors en pleine gloire, pour vivre int\u00e9gralement la r\u00e8gle de saint Beno\u00eet.<\/p>\n<p style=\"text-align: justify;\">Ils souhaitent r\u00e9pondre \u00e0 un id\u00e9al plus rigoureux: retour \u00e0 la simplicit\u00e9 dans la vie quotidienne, dans le culte et dans l\u2019art; rupture avec le monde, pauvret\u00e9, silence et travail manuel, tels seront les \u00e9l\u00e9ments principaux de la cr\u00e9ation cistercienne.<\/p>\n<p style=\"text-align: justify;\">Cela correspond aux souhaits de Bernard qui veut retourner \u00e0 l\u2019asc\u00e8se monastique la plusrude.<\/p>\n<p style=\"text-align: justify;\">Cette asc\u00e8se est comparable selon lui \u00e0 la route de J\u00e9rusalem: \u00abpar la mont\u00e9e rude (&#8230;), vers la J\u00e9rusalem de la libert\u00e9, celle d\u2019en-haut, notre m\u00e8re\u00bb.<\/p>\n<p style=\"text-align: justify;\">Il est canonis\u00e9 en 1174 et devient ainsi saint Bernard de Clairvaux.<span id=\"transmark\" style=\"display: none; width: 0px; height: 0px;\"><\/span><\/p>\n<p>[\/et_pb_text][et_pb_text admin_label=\u00a0\u00bbTexte\u00a0\u00bb background_layout=\u00a0\u00bblight\u00a0\u00bb text_orientation=\u00a0\u00bbleft\u00a0\u00bb use_border_color=\u00a0\u00bboff\u00a0\u00bb border_color=\u00a0\u00bb#ffffff\u00a0\u00bb border_style=\u00a0\u00bbsolid\u00a0\u00bb]<\/p>\n<p><img decoding=\"async\" loading=\"lazy\" class=\"aligncenter size-full wp-image-2238\" src=\"http:\/\/www.probonomonte.ch\/PBM-wp\/wp-content\/uploads\/2016\/10\/architecture_site2-f.jpg\" alt=\"architecture_site2-f\" width=\"736\" height=\"526\" srcset=\"https:\/\/www.probonomonte.ch\/PBM-wp\/wp-content\/uploads\/2016\/10\/architecture_site2-f.jpg 736w, https:\/\/www.probonomonte.ch\/PBM-wp\/wp-content\/uploads\/2016\/10\/architecture_site2-f-600x429.jpg 600w\" sizes=\"(max-width: 736px) 100vw, 736px\" \/><\/p>\n<p>[\/et_pb_text][\/et_pb_column][\/et_pb_row][et_pb_row admin_label=\u00a0\u00bbLigne\u00a0\u00bb][et_pb_column type=\u00a0\u00bb1_2&Prime;][et_pb_text admin_label=\u00a0\u00bbTexte\u00a0\u00bb background_layout=\u00a0\u00bblight\u00a0\u00bb text_orientation=\u00a0\u00bbleft\u00a0\u00bb use_border_color=\u00a0\u00bboff\u00a0\u00bb border_color=\u00a0\u00bb#ffffff\u00a0\u00bb border_style=\u00a0\u00bbsolid\u00a0\u00bb]<\/p>\n<p><img decoding=\"async\" loading=\"lazy\" class=\" wp-image-1887 alignnone\" src=\"http:\/\/www.probonomonte.ch\/PBM-wp\/wp-content\/uploads\/2013\/09\/cropped-PBM1.gif\" alt=\"cropped-PBM1.gif\" width=\"260\" height=\"260\" \/><span id=\"transmark\" style=\"display: none; width: 0px; height: 0px;\"><\/span><\/p>\n<p>[\/et_pb_text][\/et_pb_column][et_pb_column type=\u00a0\u00bb1_2&Prime;][et_pb_text admin_label=\u00a0\u00bbTexte\u00a0\u00bb background_layout=\u00a0\u00bblight\u00a0\u00bb text_orientation=\u00a0\u00bbleft\u00a0\u00bb use_border_color=\u00a0\u00bboff\u00a0\u00bb border_color=\u00a0\u00bb#ffffff\u00a0\u00bb border_style=\u00a0\u00bbsolid\u00a0\u00bb]<\/p>\n<h2 style=\"text-align: right; padding-left: 60px;\">\u00a0 <span id=\"transmark\" style=\"display: none; width: 0px; height: 0px;\"><\/span><\/h2>\n<p>&nbsp;<\/p>\n<p>&nbsp;<\/p>\n<h2 style=\"text-align: right; padding-left: 60px;\"><em>histoire\u00a0\u00a0\u00a0\u00a0<\/em><\/h2>\n<p>[\/et_pb_text][\/et_pb_column][\/et_pb_row][\/et_pb_section]<\/p>\n","protected":false},"excerpt":{"rendered":"<p>St-Bernard de Clairvaux Saint Bernard de Clairvaux &nbsp; Bernard de Fontaine, abb\u00e9 de Clairvaux est n\u00e9 en 1090 ou 1091, au ch\u00e2teau de Fontaine-l\u00e8s-Dijon pr\u00e8s de Dijon dans une famille noble de Bourgogne et est mort le 20 ao\u00fbt 1153 \u00e0 l&rsquo;abbaye de Clairvaux. C&rsquo;est un moine fran\u00e7ais r\u00e9formateur de la vie religieuse, directeur de [&hellip;]<\/p>\n","protected":false},"author":2,"featured_media":0,"parent":196,"menu_order":0,"comment_status":"closed","ping_status":"closed","template":"","meta":{"_et_pb_use_builder":"on","_et_pb_old_content":"<p style=\"text-align: center;\"><a href=\"http:\/\/www.probonomonte.ch\/PBM-wp\/wp-content\/uploads\/2014\/02\/histoire_site3.png\"><img class=\"size-large wp-image-435 aligncenter\" src=\"http:\/\/www.probonomonte.ch\/PBM-wp\/wp-content\/uploads\/2014\/02\/histoire_site3-530x1024.png\" alt=\"histoire_site3\" width=\"530\" height=\"1024\" \/><\/a><\/p><p style=\"text-align: center;\">\u00a0<\/p>","_et_gb_content_width":""},"_links":{"self":[{"href":"https:\/\/www.probonomonte.ch\/PBM-wp\/wp-json\/wp\/v2\/pages\/200"}],"collection":[{"href":"https:\/\/www.probonomonte.ch\/PBM-wp\/wp-json\/wp\/v2\/pages"}],"about":[{"href":"https:\/\/www.probonomonte.ch\/PBM-wp\/wp-json\/wp\/v2\/types\/page"}],"author":[{"embeddable":true,"href":"https:\/\/www.probonomonte.ch\/PBM-wp\/wp-json\/wp\/v2\/users\/2"}],"replies":[{"embeddable":true,"href":"https:\/\/www.probonomonte.ch\/PBM-wp\/wp-json\/wp\/v2\/comments?post=200"}],"version-history":[{"count":0,"href":"https:\/\/www.probonomonte.ch\/PBM-wp\/wp-json\/wp\/v2\/pages\/200\/revisions"}],"up":[{"embeddable":true,"href":"https:\/\/www.probonomonte.ch\/PBM-wp\/wp-json\/wp\/v2\/pages\/196"}],"wp:attachment":[{"href":"https:\/\/www.probonomonte.ch\/PBM-wp\/wp-json\/wp\/v2\/media?parent=200"}],"curies":[{"name":"wp","href":"https:\/\/api.w.org\/{rel}","templated":true}]}}