{"id":2,"date":"2013-09-04T10:18:21","date_gmt":"2013-09-04T09:18:21","guid":{"rendered":"http:\/\/www.probonomonte.ch\/PBM-wp\/?page_id=2"},"modified":"2024-05-19T16:20:31","modified_gmt":"2024-05-19T14:20:31","slug":"introduction","status":"publish","type":"page","link":"https:\/\/www.probonomonte.ch\/PBM-wp\/introduction\/","title":{"rendered":"A propos"},"content":{"rendered":"<p>[et_pb_section fb_built=\u00a0\u00bb1&Prime; custom_padding_last_edited=\u00a0\u00bbon|desktop\u00a0\u00bb admin_label=\u00a0\u00bbsection\u00a0\u00bb _builder_version=\u00a0\u00bb4.16&Prime; background_color=\u00a0\u00bb#262626&Prime; background_image=\u00a0\u00bbhttp:\/\/www.probonomonte.ch\/PBM-wp\/wp-content\/uploads\/2013\/10\/DSC_2204-f.jpg\u00a0\u00bb background_video_webm=\u00a0\u00bbhttp:\/\/www.pro\u00a0\u00bb custom_padding_tablet=\u00a0\u00bb50px|0|50px|0&Prime; custom_padding_phone=\u00a0\u00bb\u00a0\u00bb transparent_background=\u00a0\u00bboff\u00a0\u00bb padding_mobile=\u00a0\u00bboff\u00a0\u00bb make_fullwidth=\u00a0\u00bboff\u00a0\u00bb use_custom_width=\u00a0\u00bboff\u00a0\u00bb width_unit=\u00a0\u00bbon\u00a0\u00bb global_colors_info=\u00a0\u00bb{}\u00a0\u00bb][et_pb_row padding_mobile=\u00a0\u00bboff\u00a0\u00bb column_padding_mobile=\u00a0\u00bbon\u00a0\u00bb admin_label=\u00a0\u00bbrow\u00a0\u00bb _builder_version=\u00a0\u00bb4.16&Prime; background_color=\u00a0\u00bb#262626&Prime; background_size=\u00a0\u00bbinitial\u00a0\u00bb background_position=\u00a0\u00bbtop_left\u00a0\u00bb background_repeat=\u00a0\u00bbrepeat\u00a0\u00bb make_fullwidth=\u00a0\u00bboff\u00a0\u00bb use_custom_width=\u00a0\u00bboff\u00a0\u00bb width_unit=\u00a0\u00bbon\u00a0\u00bb global_colors_info=\u00a0\u00bb{}\u00a0\u00bb][et_pb_column type=\u00a0\u00bb4_4&Prime; _builder_version=\u00a0\u00bb4.16&Prime; background_color=\u00a0\u00bb#4f4f4f\u00a0\u00bb custom_padding=\u00a0\u00bb|||\u00a0\u00bb global_colors_info=\u00a0\u00bb{}\u00a0\u00bb custom_padding__hover=\u00a0\u00bb|||\u00a0\u00bb][et_pb_text admin_label=\u00a0\u00bbText\u00a0\u00bb _builder_version=\u00a0\u00bb4.16&Prime; text_font=\u00a0\u00bbSource Sans Pro||||\u00a0\u00bb text_font_size=\u00a0\u00bb11&Prime; header_font=\u00a0\u00bbPlayfair Display||||\u00a0\u00bb header_font_size=\u00a0\u00bb26px\u00a0\u00bb background_color=\u00a0\u00bb#262626&Prime; background_size=\u00a0\u00bbinitial\u00a0\u00bb background_position=\u00a0\u00bbtop_left\u00a0\u00bb background_repeat=\u00a0\u00bbrepeat\u00a0\u00bb background_layout=\u00a0\u00bbdark\u00a0\u00bb text_font_size_tablet=\u00a0\u00bb\u00a0\u00bb text_font_size_phone=\u00a0\u00bb8&Prime; text_font_size_last_edited=\u00a0\u00bbon|phone\u00a0\u00bb header_font_size_tablet=\u00a0\u00bb17px\u00a0\u00bb header_font_size_phone=\u00a0\u00bb10px\u00a0\u00bb header_font_size_last_edited=\u00a0\u00bbon|phone\u00a0\u00bb use_border_color=\u00a0\u00bboff\u00a0\u00bb border_color=\u00a0\u00bb#ffffff\u00a0\u00bb border_style=\u00a0\u00bbsolid\u00a0\u00bb global_colors_info=\u00a0\u00bb{}\u00a0\u00bb]<\/p>\n<h1 style=\"text-align: center;\"><strong><span id=\"transmark\" style=\"display: none; width: 0px; height: 0px;\"><\/span>A propos<\/strong><\/h1>\n<h2 style=\"text-align: center;\">\u00a0La Fondation de Bonmont pr\u00e9pare<\/h2>\n<h2 style=\"text-align: center;\">LES VIBRATIONS DE BONMONT 2024<br \/>qui auront lieu<\/h2>\n<h2 style=\"text-align: center;\"><a href=\"https:\/\/les-vibrations-de-bonmont.ch\/\">du 27 au 29 septembre<\/a><\/h2>\n<p style=\"text-align: right;\"><span style=\"color: #ffffff;\">CLIQUER SUR LES DATES\u00a0 POUR EN SAVOIR PLUS <\/span><\/p>\n<p><img decoding=\"async\" loading=\"lazy\" class=\"aligncenter size-full wp-image-697\" src=\"http:\/\/www.probonomonte.ch\/PBM-wp\/wp-content\/uploads\/2014\/04\/image-bonmont-12.jpg\" alt=\"image-bonmont-12.jpg\" width=\"1024\" height=\"768\" srcset=\"https:\/\/www.probonomonte.ch\/PBM-wp\/wp-content\/uploads\/2014\/04\/image-bonmont-12.jpg 1024w, https:\/\/www.probonomonte.ch\/PBM-wp\/wp-content\/uploads\/2014\/04\/image-bonmont-12-600x450.jpg 600w\" sizes=\"(max-width: 1024px) 100vw, 1024px\" \/><\/p>\n<p>[\/et_pb_text][\/et_pb_column][\/et_pb_row][et_pb_row column_structure=\u00a0\u00bb1_2,1_2&Prime; padding_mobile=\u00a0\u00bboff\u00a0\u00bb column_padding_mobile=\u00a0\u00bbon\u00a0\u00bb admin_label=\u00a0\u00bbrow\u00a0\u00bb _builder_version=\u00a0\u00bb4.16&Prime; background_color=\u00a0\u00bb#262626&Prime; background_size=\u00a0\u00bbinitial\u00a0\u00bb background_position=\u00a0\u00bbtop_left\u00a0\u00bb background_repeat=\u00a0\u00bbrepeat\u00a0\u00bb make_fullwidth=\u00a0\u00bboff\u00a0\u00bb use_custom_width=\u00a0\u00bboff\u00a0\u00bb width_unit=\u00a0\u00bbon\u00a0\u00bb global_colors_info=\u00a0\u00bb{}\u00a0\u00bb][et_pb_column type=\u00a0\u00bb1_2&Prime; _builder_version=\u00a0\u00bb4.16&Prime; custom_padding=\u00a0\u00bb|||\u00a0\u00bb global_colors_info=\u00a0\u00bb{}\u00a0\u00bb custom_padding__hover=\u00a0\u00bb|||\u00a0\u00bb][et_pb_text admin_label=\u00a0\u00bbTexte\u00a0\u00bb _builder_version=\u00a0\u00bb4.16&Prime; text_font=\u00a0\u00bbSource Sans Pro||||\u00a0\u00bb text_text_color=\u00a0\u00bb#ffffff\u00a0\u00bb header_font=\u00a0\u00bbPlayfair Display||||\u00a0\u00bb header_text_color=\u00a0\u00bb#262626&Prime; background_color=\u00a0\u00bb#262626&Prime; background_size=\u00a0\u00bbinitial\u00a0\u00bb background_position=\u00a0\u00bbtop_left\u00a0\u00bb background_repeat=\u00a0\u00bbrepeat\u00a0\u00bb text_orientation=\u00a0\u00bbjustified\u00a0\u00bb use_border_color=\u00a0\u00bboff\u00a0\u00bb border_color=\u00a0\u00bb#ffffff\u00a0\u00bb border_style=\u00a0\u00bbsolid\u00a0\u00bb global_colors_info=\u00a0\u00bb{}\u00a0\u00bb]<\/p>\n<p style=\"text-align: justify;\"><span style=\"color: #ffffff;\">L&rsquo;association Pro Bono Monte , association des amis de l&rsquo;Abbaye cistercienne de Bonmont a \u00e9t\u00e9 fond\u00e9e en 1978 pour la sauvegarde de l&rsquo;Abbaye cistercienne de Bonmont. De son origine \u00e0 nos jours, elle a \u00e9t\u00e9 successivement pr\u00e9sid\u00e9e par\u00a0 M. le professeur J.-P. Felber, M. P.-R. Monbaron, M. A. Rochat, M. J. Haldy, M. P. Tanner, M. Gebhard Sager et M. Thierry Walz..<\/span><\/p>\n<p style=\"text-align: justify;\"><span style=\"color: #ffffff;\">Les premiers statuts ont \u00e9t\u00e9 ent\u00e9rin\u00e9s le 4 mars 1980 \u00e0 Ouchy (Lausanne) puis modifi\u00e9s \u00e0 Nyon le 22 septembre 1984 puis les 4 octobre 1985, 20 octobre 1986 et 30 novembre 2001 pour enfin trouver la version actuelle avec de nouveaux buts.<\/span><\/p>\n<p style=\"text-align: justify;\"><span style=\"color: #ffffff;\">Dans son rapport pr\u00e9sidentiel du 25 mars 1981, M. Felber terminait en disant: &#8230;\u00a0\u00bb Et lorsque tout cela sera, que l\u2019\u00e9glise aura \u00e9t\u00e9 remise \u00e0 l\u2019\u00c9tat, que l\u2019\u00c9tat l&rsquo;aura restaur\u00e9e, nous pourrons enfin consacrer nos forces \u00e0 la deuxi\u00e8me partie des buts que nous nous sommes donn\u00e9s, tels qu&rsquo;ils figurent dans nos statuts, favoriser les activit\u00e9s culturelles, artistiques, en rapport avec le site. A ce moment l\u00e0, une nouvelle \u00e9quipe prendra en mains Pro Bono Monte, pour r\u00e9aliser une t\u00e2che plus noble que la n\u00f4tre: \u00ab\u00a0&#8230;<\/span><\/p>\n<p style=\"text-align: justify;\"><span style=\"color: #ffffff;\">Cette vision pr\u00e9sidentielle a vu le jour lors de l&rsquo;assembl\u00e9e g\u00e9n\u00e9rale du 30 novembre 2001 \u00e0 Ch\u00e9serex: une nouvelle \u00e9quipe et de nouveaux statuts. Vingt ans plus tard.<\/span><\/p>\n<p style=\"text-align: justify;\"><span style=\"color: #ffffff;\">Il est \u00e0 signaler que la Fondation de l&rsquo;Abbaye de Bonmont a pris \u00e0 son compte des activit\u00e9s culturelles notamment la mise sur pied de 5 \u00e0 6 concerts annuels o\u00f9 le chant gr\u00e9gorien prend une place pr\u00e9pond\u00e9rante.<\/span><\/p>\n<p>&nbsp;<br \/>\n[\/et_pb_text][\/et_pb_column][et_pb_column type=\u00a0\u00bb1_2&Prime; _builder_version=\u00a0\u00bb4.16&Prime; custom_padding=\u00a0\u00bb|||\u00a0\u00bb global_colors_info=\u00a0\u00bb{}\u00a0\u00bb custom_padding__hover=\u00a0\u00bb|||\u00a0\u00bb][et_pb_video src=\u00a0\u00bbhttps:\/\/youtu.be\/rdF6pimFdFs\u00a0\u00bb admin_label=\u00a0\u00bbVid\u00e9o\u00a0\u00bb _builder_version=\u00a0\u00bb4.16&Prime; global_colors_info=\u00a0\u00bb{}\u00a0\u00bb][\/et_pb_video][\/et_pb_column][\/et_pb_row][\/et_pb_section]<\/p>\n","protected":false},"excerpt":{"rendered":"<p>A propos \u00a0La Fondation de Bonmont pr\u00e9pare LES VIBRATIONS DE BONMONT 2024qui auront lieu du 27 au 29 septembre CLIQUER SUR LES DATES\u00a0 POUR EN SAVOIR PLUS L&rsquo;association Pro Bono Monte , association des amis de l&rsquo;Abbaye cistercienne de Bonmont a \u00e9t\u00e9 fond\u00e9e en 1978 pour la sauvegarde de l&rsquo;Abbaye cistercienne de Bonmont. De son [&hellip;]<\/p>\n","protected":false},"author":2,"featured_media":0,"parent":0,"menu_order":0,"comment_status":"closed","ping_status":"closed","template":"","meta":{"_et_pb_use_builder":"on","_et_pb_old_content":"<div id=\"google_translate_element\">\u00a0<\/div><p><script>\/\/ <![CDATA[\r\nfunction googleTranslateElementInit() {\r\n  new google.translate.TranslateElement({pageLanguage: 'fr', includedLanguages: 'de,en,it', layout: google.translate.TranslateElement.InlineLayout.SIMPLE}, 'google_translate_element');\r\n}\r\n\/\/ ]]><\/script><script src=\"\/\/translate.google.com\/translate_a\/element.js?cb=googleTranslateElementInit\"><\/script><\/p><p align=\"justify\"><a href=\"http:\/\/www.probonomonte.ch\/PBM-wp\/wp-content\/uploads\/2014\/04\/PBM-sigle1.png\"><img class=\"alignnone size-full wp-image-676\" src=\"http:\/\/www.probonomonte.ch\/PBM-wp\/wp-content\/uploads\/2014\/04\/PBM-sigle1.png\" alt=\"PBM-sigle1\" width=\"75\" height=\"80\" \/><\/a>L'association Pro Bono Monte , association des amis de l'Abbaye cistercienne de Bonmont a \u00e9t\u00e9 fond\u00e9e en 1978 pour la sauvegarde de l'Abbaye cistercienne de Bonmont. De son origine \u00e0 nos jours, elle a \u00e9t\u00e9 successivement pr\u00e9sid\u00e9e par\u00a0 M. le professeur J.-P. Felber, M. P.-R. Monbaron, M. A. Rochat, M. J. Haldy, M. P. Tanner, M. Gebhard Sager et M. Thierry Walz..<\/p><p align=\"justify\">Les premiers statuts ont \u00e9t\u00e9 ent\u00e9rin\u00e9s le 4 mars 1980 \u00e0 Ouchy (Lausanne) puis modifi\u00e9s \u00e0 Nyon le 22 septembre 1984 puis les 4 octobre 1985, 20 octobre 1986 et 30 novembre 2001 pour enfin trouver la version actuelle avec de nouveaux buts.<\/p><p align=\"justify\">Dans son rapport pr\u00e9sidentiel du 25 mars 1981, M. Felber terminait en disant: ...\" Et lorsque tout cela sera, que l\u2019\u00e9glise aura \u00e9t\u00e9 remise \u00e0 l\u2019\u00c9tat, que l\u2019\u00c9tat l'aura restaur\u00e9e, nous pourrons enfin consacrer nos forces \u00e0 la deuxi\u00e8me partie des buts que nous nous sommes donn\u00e9s, tels qu'ils figurent dans nos statuts, favoriser les activit\u00e9s culturelles, artistiques, en rapport avec le site. A ce moment l\u00e0, une nouvelle \u00e9quipe prendra en mains Pro Bono Monte, pour r\u00e9aliser une t\u00e2che plus noble que la n\u00f4tre: \"...<\/p><p align=\"justify\">Cette vision pr\u00e9sidentielle a vu le jour lors de l'assembl\u00e9e g\u00e9n\u00e9rale du 30 novembre 2001 \u00e0 Ch\u00e9serex: une nouvelle \u00e9quipe et de nouveaux statuts. Vingt ans plus tard.<\/p><p align=\"justify\">Il est \u00e0 signaler que la Fondation de l'<a href=\"http:\/\/www.bonmont.ch\/14-bonmont\/programme-2014\/\">Abbaye de Bonmont<\/a> a pris \u00e0 son compte des activit\u00e9s culturelles notamment la mise sur pied de 5 \u00e0 6 concerts annuels o\u00f9 le chant gr\u00e9gorien prend une place pr\u00e9pond\u00e9rante.<\/p><p>\u00a0<\/p>","_et_gb_content_width":""},"_links":{"self":[{"href":"https:\/\/www.probonomonte.ch\/PBM-wp\/wp-json\/wp\/v2\/pages\/2"}],"collection":[{"href":"https:\/\/www.probonomonte.ch\/PBM-wp\/wp-json\/wp\/v2\/pages"}],"about":[{"href":"https:\/\/www.probonomonte.ch\/PBM-wp\/wp-json\/wp\/v2\/types\/page"}],"author":[{"embeddable":true,"href":"https:\/\/www.probonomonte.ch\/PBM-wp\/wp-json\/wp\/v2\/users\/2"}],"replies":[{"embeddable":true,"href":"https:\/\/www.probonomonte.ch\/PBM-wp\/wp-json\/wp\/v2\/comments?post=2"}],"version-history":[{"count":2,"href":"https:\/\/www.probonomonte.ch\/PBM-wp\/wp-json\/wp\/v2\/pages\/2\/revisions"}],"predecessor-version":[{"id":4184,"href":"https:\/\/www.probonomonte.ch\/PBM-wp\/wp-json\/wp\/v2\/pages\/2\/revisions\/4184"}],"wp:attachment":[{"href":"https:\/\/www.probonomonte.ch\/PBM-wp\/wp-json\/wp\/v2\/media?parent=2"}],"curies":[{"name":"wp","href":"https:\/\/api.w.org\/{rel}","templated":true}]}}