{"id":1676,"date":"2015-08-01T17:39:11","date_gmt":"2015-08-01T15:39:11","guid":{"rendered":"http:\/\/www.probonomonte.ch\/PBM-wp\/?page_id=1676"},"modified":"2015-08-01T18:26:17","modified_gmt":"2015-08-01T16:26:17","slug":"harmonie-des-campagnes-de-goumoens-la-ville","status":"publish","type":"page","link":"https:\/\/www.probonomonte.ch\/PBM-wp\/harmonie-des-campagnes-de-goumoens-la-ville\/","title":{"rendered":"Harmonie des Campagnes de Goumoens-la-Ville"},"content":{"rendered":"<p>[et_pb_section fullwidth=\u00a0\u00bboff\u00a0\u00bb specialty=\u00a0\u00bboff\u00a0\u00bb background_image=\u00a0\u00bbhttp:\/\/www.probonomonte.ch\/PBM-wp\/wp-content\/uploads\/2014\/05\/i_02_troubadour02.jpg\u00a0\u00bb background_color=\u00a0\u00bb#ffffff\u00a0\u00bb inner_shadow=\u00a0\u00bboff\u00a0\u00bb parallax=\u00a0\u00bboff\u00a0\u00bb parallax_method=\u00a0\u00bbcss\u00a0\u00bb][et_pb_row][et_pb_column type=\u00a0\u00bb4_4&Prime;][et_pb_text admin_label=\u00a0\u00bbText\u00a0\u00bb background_layout=\u00a0\u00bbdark\u00a0\u00bb text_orientation=\u00a0\u00bbcenter\u00a0\u00bb use_border_color=\u00a0\u00bboff\u00a0\u00bb border_color=\u00a0\u00bb#ffffff\u00a0\u00bb border_style=\u00a0\u00bbsolid\u00a0\u00bb]<\/p>\n<h1><span style=\"color: #ffffff;\">Harmonie des Campagnes de Goumoens-la-Ville<\/span><\/h1>\n<h1 style=\"text-align: center;\"><span style=\"color: #ffffff;\"><br \/>\n<\/span><\/h1>\n<p>[\/et_pb_text][\/et_pb_column][\/et_pb_row][\/et_pb_section][et_pb_section background_color=\u00a0\u00bb#ffffff\u00a0\u00bb inner_shadow=\u00a0\u00bboff\u00a0\u00bb parallax=\u00a0\u00bboff\u00a0\u00bb parallax_method=\u00a0\u00bbcss\u00a0\u00bb background_image=\u00a0\u00bbhttp:\/\/www.probonomonte.ch\/PBM-wp\/wp-content\/uploads\/2013\/10\/DSC_2204-f.jpg\u00a0\u00bb][et_pb_row][et_pb_column type=\u00a0\u00bb4_4&Prime;][et_pb_text admin_label=\u00a0\u00bbText\u00a0\u00bb background_layout=\u00a0\u00bbdark\u00a0\u00bb text_orientation=\u00a0\u00bbcenter\u00a0\u00bb use_border_color=\u00a0\u00bboff\u00a0\u00bb border_color=\u00a0\u00bb#ffffff\u00a0\u00bb border_style=\u00a0\u00bbsolid\u00a0\u00bb]<\/p>\n<p style=\"text-align: justify;\">Fond\u00e9e en 1868, l\u2019Harmonie des Campagnes de Goumoens-la-Ville a toujours occup\u00e9 une place importante dans la vie sociale et culturelle de son village.<\/p>\n<p style=\"text-align: justify;\">Les directeurs qui se sont succ\u00e9d\u00e9 \u00e0 la t\u00eate de cet ensemble, dont les derniers en liste sont\u00a0Pierre Corth\u00e9sy,\u00a0Michel Hostettler,\u00a0Georges Ballif, Bernard Dutruy, Olivier Nussl\u00e9 et <strong>Blaise Mettraux, le directeur actuel<\/strong>, ne sont pas \u00e9trangers \u00e0 la r\u00e9putation que ce ch\u0153ur s\u2019est forg\u00e9e dans toute la r\u00e9gion, le canton de Vaud et \u00e0 l\u2019\u00e9tranger, plus particuli\u00e8rement en France et en Bulgarie.<\/p>\n<p style=\"text-align: justify;\">Depuis 1872, l\u2019Harmonie des Campagnes a toujours particip\u00e9 tous les 4 ans \u00e0 la grande f\u00eate qui r\u00e9unit tous les chanteuses et chanteurs du canton de Vaud.<\/p>\n<p style=\"text-align: justify;\">Relevons quelques \u00e9l\u00e9ments marquants des derni\u00e8res d\u00e9cennies de la chorale. En 1993, au Victoria Hall de Gen\u00e8ve, avec la participation du Choeur de Chambre romand, du Choeur Pro Arte de Lausanne et de l\u2019Orchestre de la Suisse romande, interpr\u00e9tation de la 9\u00e8me Symphonie de Beethoven, sous la direction de G\u00fcnter Herbig. En 1997, \u00e0 la Cath\u00e9drale de Lausanne et \u00e0 l\u2019Auditorium Strawinsky de Montreux, avec la participation des Choeurs de Chailly et de Clarens et de l\u2019Orchestre de la Suisse romande, sous la direction d\u2019Andras Farkas, interpr\u00e9tation de la Missa Brevis de Zoltan Kodaly et du Te Deum d\u2019Anton Bruckner.<\/p>\n<p style=\"text-align: justify;\">En 2000, participation \u00e0 la F\u00eate suisse de Chant \u00e0 Sierre en Valais. Mention excellente avec f\u00e9licitations du jury. Plus r\u00e9cemment enfin, lors de la derni\u00e8re F\u00eate cantonale des Chanteurs vaudois, en mai 2009 \u00e0 Aigle, avec un effectif de 45 chanteurs, l\u2019Harmonie des Campagnes est la seule chorale \u00e0 avoir obtenu deux couronnes \u00ab\u00a0Laurier or\u00a0\u00bb (ex\u00e9cution et lecture \u00e0 vue) dans la cat\u00e9gorie sup\u00e9rieure, 3\u00e8me division hommes (comme en 2001\u00a0\u00e0 Villeneuve), confirmant ainsi sa r\u00e9putation de choeur d\u2019hommes parmi les plus en vue du canton de Vaud.<\/p>\n<p style=\"text-align: justify;\">L\u2019Harmonie des Campagnes a \u00e9galement particip\u00e9 aux \u00e9missions radiophoniques et t\u00e9l\u00e9vis\u00e9es, telles que le \u00ab\u00a0Kiosque \u00e0 musiques\u00a0\u00bb \u00a0 \u00a0 de la RSR, l\u2019\u00e9mission \u00ab\u00a0De Si de La\u00a0\u00bb, de la TSR et l\u2019\u00e9mission de vari\u00e9t\u00e9s \u00ab\u00a0Les coups de c\u0153ur d\u2019Alain Morisod.\u00a0\u00bb<\/p>\n<p>[\/et_pb_text][et_pb_video admin_label=\u00a0\u00bbVid\u00e9o\u00a0\u00bb src=\u00a0\u00bbhttp:\/\/www.probonomonte.ch\/PBM-wp\/wp-content\/uploads\/2015\/08\/IMG_0427.mp4.mp4&Prime; \/][\/et_pb_column][\/et_pb_row][\/et_pb_section]<\/p>\n","protected":false},"excerpt":{"rendered":"<p><div class=\"et_pb_row et_pb_row_0 et_pb_row_empty\">\n\t\t\t\t\n\t\t\t\t\n\t\t\t\t\n\t\t\t\t\n\t\t\t\t\n\t\t\t<\/div> Harmonie des Campagnes de Goumoens-la-Ville <div class=\"et_pb_row et_pb_row_1 et_pb_row_empty\">\n\t\t\t\t\n\t\t\t\t\n\t\t\t\t\n\t\t\t\t\n\t\t\t\t\n\t\t\t<\/div> Fond\u00e9e en 1868, l\u2019Harmonie des Campagnes de Goumoens-la-Ville a toujours occup\u00e9 une place importante dans la vie sociale et culturelle de son village. Les directeurs qui se sont succ\u00e9d\u00e9 \u00e0 la t\u00eate de cet ensemble, dont les derniers en liste sont\u00a0Pierre Corth\u00e9sy,\u00a0Michel Hostettler,\u00a0Georges Ballif, Bernard Dutruy, Olivier Nussl\u00e9 [&hellip;]<\/p>\n","protected":false},"author":2,"featured_media":0,"parent":0,"menu_order":0,"comment_status":"closed","ping_status":"closed","template":"","meta":{"_et_pb_use_builder":"on","_et_pb_old_content":"","_et_gb_content_width":""},"_links":{"self":[{"href":"https:\/\/www.probonomonte.ch\/PBM-wp\/wp-json\/wp\/v2\/pages\/1676"}],"collection":[{"href":"https:\/\/www.probonomonte.ch\/PBM-wp\/wp-json\/wp\/v2\/pages"}],"about":[{"href":"https:\/\/www.probonomonte.ch\/PBM-wp\/wp-json\/wp\/v2\/types\/page"}],"author":[{"embeddable":true,"href":"https:\/\/www.probonomonte.ch\/PBM-wp\/wp-json\/wp\/v2\/users\/2"}],"replies":[{"embeddable":true,"href":"https:\/\/www.probonomonte.ch\/PBM-wp\/wp-json\/wp\/v2\/comments?post=1676"}],"version-history":[{"count":0,"href":"https:\/\/www.probonomonte.ch\/PBM-wp\/wp-json\/wp\/v2\/pages\/1676\/revisions"}],"wp:attachment":[{"href":"https:\/\/www.probonomonte.ch\/PBM-wp\/wp-json\/wp\/v2\/media?parent=1676"}],"curies":[{"name":"wp","href":"https:\/\/api.w.org\/{rel}","templated":true}]}}

<p>[et_pb_section fullwidth= »off » specialty= »off » background_image= »http://www.probonomonte.ch/PBM-wp/wp-content/uploads/2014/05/i_02_troubadour02.jpg » background_color= »#ffffff » inner_shadow= »off » parallax= »off » parallax_method= »css »][et_pb_row][et_pb_column type= »4_4&Prime;][et_pb_text admin_label= »Text » background_layout= »dark » text_orientation= »center » use_border_color= »off » border_color= »#ffffff » border_style= »solid »]</p>
<h1><span style="color: #ffffff;">Harmonie des Campagnes de Goumoens-la-Ville</span></h1>
<h1 style="text-align: center;"><span style="color: #ffffff;"><br />
</span></h1>
<p>[/et_pb_text][/et_pb_column][/et_pb_row][/et_pb_section][et_pb_section background_color= »#ffffff » inner_shadow= »off » parallax= »off » parallax_method= »css » background_image= »http://www.probonomonte.ch/PBM-wp/wp-content/uploads/2013/10/DSC_2204-f.jpg »][et_pb_row][et_pb_column type= »4_4&Prime;][et_pb_text admin_label= »Text » background_layout= »dark » text_orientation= »center » use_border_color= »off » border_color= »#ffffff » border_style= »solid »]</p>
<p style="text-align: justify;">Fondée en 1868, l’Harmonie des Campagnes de Goumoens-la-Ville a toujours occupé une place importante dans la vie sociale et culturelle de son village.</p>
<p style="text-align: justify;">Les directeurs qui se sont succédé à la tête de cet ensemble, dont les derniers en liste sont Pierre Corthésy, Michel Hostettler, Georges Ballif, Bernard Dutruy, Olivier Nusslé et <strong>Blaise Mettraux, le directeur actuel</strong>, ne sont pas étrangers à la réputation que ce chœur s’est forgée dans toute la région, le canton de Vaud et à l’étranger, plus particulièrement en France et en Bulgarie.</p>
<p style="text-align: justify;">Depuis 1872, l’Harmonie des Campagnes a toujours participé tous les 4 ans à la grande fête qui réunit tous les chanteuses et chanteurs du canton de Vaud.</p>
<p style="text-align: justify;">Relevons quelques éléments marquants des dernières décennies de la chorale. En 1993, au Victoria Hall de Genève, avec la participation du Choeur de Chambre romand, du Choeur Pro Arte de Lausanne et de l’Orchestre de la Suisse romande, interprétation de la 9ème Symphonie de Beethoven, sous la direction de Günter Herbig. En 1997, à la Cathédrale de Lausanne et à l’Auditorium Strawinsky de Montreux, avec la participation des Choeurs de Chailly et de Clarens et de l’Orchestre de la Suisse romande, sous la direction d’Andras Farkas, interprétation de la Missa Brevis de Zoltan Kodaly et du Te Deum d’Anton Bruckner.</p>
<p style="text-align: justify;">En 2000, participation à la Fête suisse de Chant à Sierre en Valais. Mention excellente avec félicitations du jury. Plus récemment enfin, lors de la dernière Fête cantonale des Chanteurs vaudois, en mai 2009 à Aigle, avec un effectif de 45 chanteurs, l’Harmonie des Campagnes est la seule chorale à avoir obtenu deux couronnes « Laurier or » (exécution et lecture à vue) dans la catégorie supérieure, 3ème division hommes (comme en 2001 à Villeneuve), confirmant ainsi sa réputation de choeur d’hommes parmi les plus en vue du canton de Vaud.</p>
<p style="text-align: justify;">L’Harmonie des Campagnes a également participé aux émissions radiophoniques et télévisées, telles que le « Kiosque à musiques »     de la RSR, l’émission « De Si de La », de la TSR et l’émission de variétés « Les coups de cœur d’Alain Morisod. »</p>
<p>[/et_pb_text][et_pb_video admin_label= »Vidéo » src= »http://www.probonomonte.ch/PBM-wp/wp-content/uploads/2015/08/IMG_0427.mp4.mp4&Prime; /][/et_pb_column][/et_pb_row][/et_pb_section]</p>

<p><div class="et_pb_row et_pb_row_0 et_pb_row_empty">
				
				
				
				
				
			</div> Harmonie des Campagnes de Goumoens-la-Ville <div class="et_pb_row et_pb_row_1 et_pb_row_empty">
				
				
				
				
				
			</div> Fondée en 1868, l’Harmonie des Campagnes de Goumoens-la-Ville a toujours occupé une place importante dans la vie sociale et culturelle de son village. Les directeurs qui se sont succédé à la tête de cet ensemble, dont les derniers en liste sont Pierre Corthésy, Michel Hostettler, Georges Ballif, Bernard Dutruy, Olivier Nusslé [&hellip;]</p>
